9 + 1?
102a
In base 15, what is 2 + -3d?
-3b
In base 5, what is 4 - -141?
200
In base 11, what is 2 - -166?
168
In base 15, what is -5 - -6a?
65
In base 15, what is -2d - -c?
-21
In base 12, what is 9 + 14?
21
In base 15, what is 5 - 9?
-4
In base 15, what is -2 - 6a?
-6c
In base 5, what is 2 + 143?
200
In base 8, what is -414 - -102?
-312
In base 5, what is -3 + -22?
-30
In base 6, what is -4 + 11001?
10553
In base 9, what is -4 + 77?
73
In base 15, what is 0 + 1103?
1103
In base 5, what is -11 - -1?
-10
In base 10, what is -62 + 52?
-10
In base 4, what is 1230 + 32?
1322
In base 9, what is -5662 + 4?
-5657
In base 3, what is 1011222 - -2?
1012001
In base 13, what is 2 + -1163?
-1161
In base 11, what is 1a - -29?
48
In base 6, what is -3 + 1020?
1013
In base 3, what is 1 - -2?
10
In base 15, what is 1 + 14c?
14d
In base 15, what is -6a - 2?
-6c
In base 12, what is 3 + -138?
-135
In base 13, what is -b6 - -17?
-9c
In base 14, what is -3a59 - -2?
-3a57
In base 7, what is 6663 - 4?
6656
In base 6, what is 1 - -532?
533
In base 15, what is -5 + -b?
-11
In base 2, what is -10111 + 110?
-10001
In base 5, what is 432413 - 1?
432412
In base 8, what is -107 + -62?
-171
In base 6, what is 23 - 3500?
-3433
In base 7, what is -2 - 223?
-225
In base 5, what is 1041 + -10?
1031
In base 13, what is -15c + -5?
-164
In base 4, what is -30231 + 11?
-30220
In base 9, what is 1437 - 0?
1437
In base 15, what is -d2 - -1?
-d1
In base 10, what is -212 - -14?
-198
In base 9, what is 1 + 27?
28
In base 13, what is -1 + -4a?
-4b
In base 3, what is 101020 + 1010?
102100
In base 15, what is 12 + 164?
176
In base 16, what is -4 + 1d?
19
In base 6, what is -11012 - 4?
-11020
In base 2, what is -100 - -1000101?
1000001
In base 14, what is 4 - 13b4?
-13b0
In base 14, what is 20 + 11?
31
In base 13, what is 3 + 611?
614
In base 11, what is 162 - -58?
20a
In base 14, what is -1b - -8a?
6d
In base 14, what is -581 - -4?
-57b
In base 7, what is 10 - 253?
-243
In base 6, what is 3334 - 4?
3330
In base 13, what is 1a6 + 2?
1a8
In base 2, what is -1011 - -1001?
-10
In base 8, what is -165 + -2?
-167
In base 13, what is 0 + -9a9?
-9a9
In base 14, what is -1 - -4d?
4c
In base 9, what is 3 + -1?
2
In base 13, what is 3a - -2?
3c
In base 13, what is -449 + -2?
-44b
In base 2, what is -10111 + -10001?
-101000
In base 16, what is 0 - 1e?
-1e
In base 12, what is 202 + 12?
214
In base 12, what is -1 + -107?
-108
In base 16, what is 8808 + -1?
8807
In base 7, what is 0 - 235?
-235
In base 9, what is -85 + 8?
-76
In base 2, what is 11 + 1100101000?
1100101011
In base 5, what is 0 - -1134?
1134
In base 11, what is -11 - -15?
4
In base 12, what is 4 - 0?
4
In base 15, what is 6a + -4?
66
In base 10, what is 1 - -47?
48
In base 7, what is -5 + 132?
124
In base 15, what is -211 + 2?
-20e
In base 7, what is 13610 + -2?
13605
In base 15, what is 3e - -e?
4d
In base 10, what is -5 - -9?
4
In base 8, what is -5 - 1500?
-1505
In base 14, what is -1c - -30?
12
In base 15, what is 30e - 2?
30c
In base 10, what is -315 - -5?
-310
In base 4, what is -1033 - 21?
-1120
In base 8, what is 11142 - 1?
11141
In base 16, what is -5 - -b92?
b8d
In base 12, what is -3 + -a79?
-a80
In base 3, what is 10111 - 2101?
1010
In base 2, what is 11000101 - -1011?
11010000
In base 11, what is 214 + -3?
211
In base 3, what is -122201 + -202?
-200110
In base 10, what is -4 - -1873?
1869
In base 9, what is 0 + 22?
22
In base 15, what is 24 + 2?
26
In base 4, what is 13103 + -31?
13012
In base 11, what is -24 - 24?
-48
In base 4, what is -1 - -2013?
2012
In base 9, what is -50 - -4?
-45
In base 13, what is 10 - -19?
29
In base 16, what is -27e - 1?
-27f
In base 5, what is 2 - -142433?
142440
In base 13, what is 4b6 + 1?
4b7
In base 4, what is 30331 - -10?
31001
In base 4, what is 11 - 1003?
-332
In base 15, what is -114 - -2?
-112
In base 16, what is 41 - -5?
46
In base 3, what is 10 + -2001221?
-2001211
In base 4, what is 1000 + -220?
120
In base 8, what is -20 + -5?
-25
In base 4, what is -3 + 21130?
21121
In base 15, what is 5 - 31?
-2b
In base 15, what is 6 - -62?
68
In base 6, what is -100 - 41?
-141
In base 12, what is -ab - 1?
-b0
In base 6, what is 44 - -12?
100
In base 5, what is 433 - -1?
434
In base 7, what is 136 + 10?
146
In base 10, what is 84 - 3?
81
In base 12, what is 3 + 230?
233
In base 4, what is -10 + -11333?
-12003
In base 9, what is -4 + 138?
134
In base 14, what is -5 + 98?
93
In base 10, what is -345 - 6?
-351
In base 12, what is -1244 - 3?
-1247
In base 3, what is 1 - 122?
-121
In base 11, what is 115 - 3?
112
In base 12, what is -80 + 11?
-6b
In base 8, what is 201 + -1?
200
In base 5, what is 10 + 432?
442
In base 11, what is -20 - 47?
-67
In base 15, what is -4 + -715?
-719
In base 7, what is -2 - 15161?
-15163
In base 4, what is -111 + -21?
-132
In base 7, what is 62 + 44?
136
In base 5, what is 2 - -4?
11
In base 4, what is -12320 - -2?
-12312
In base 7, what is 12210 + -1?
12206
In base 7, what is 2 - -34454?
34456
In base 8, what is 37 + -65?
-26
In base 11, what is 116 + -1?
115
In base 11, what is 2 + -442?
-440
In base 5, what is -103 + -13?
-121
In base 3, what is 1220221 + -21?
1220200
In base 3, what is -2 + -102000222?
-102001001
In base 3, what is 2010 + 102?
2112
In base 15, what is 1 - ece?
-ecd
In base 13, what is 439 - -1c?
458
In base 8, what is 6 + -1?
5
In base 13, what is -19 + -43?
-5c
In base 11, what is 1 + 5?
6
In base 12, what is -a7 + 2?
-a5
In base 16, what is 2bc - 17?
2a5
In base 10, what is -5 - 181?
-186
In base 14, what is -1d + ca?
ab
In base 11, what is -748 + -1?
-749
In base 16, what is 7 + -11e?
-117
In base 15, what is -4 + bb6?
bb2
In base 13, what is -6 - 1?
-7
In base 2, what is 111101 - -1101101?
10101010
In base 6, what is -205415 - -2?
-205413
In base 8, what is 0 + -1077?
-1077
In base 12, what is 4 + 315?
319
In base 4, what is 111032 + 2?
111100
In base 2, what is -111000010 + 1?
-111000001
In base 6, what is -3351 - -2?
-3345
In base 15, what is -16a7 - -5?
-16a2
In base 3, what is -12012 + 21?
-11221
In base 3, what is 2010 - -22?
2102
In base 13, what is -3 + 13?
10
In base 9, what is -251 + 3?
-247
In base 5, what is -10 - 3131?
-3141
In base 16, what is 84 + a?
8e
In base 10, what is 34 + 2?
36
In base 9, what is 4 - 23?
-18
In base 4, what is -22 + 12322?
12300
In base 8, what is 165 + 41?
226
In base 14, what is -2b + -7?
-34
In base 13, what is -b + -507?
-515
In base 3, what is 2 - 1122?
-1120
In base 15, what is 5 - 1e1?
-1db
In base 16, what is -27 - 13?
-3a
In base 5, what is -11 - -1001?
440
In base 4, what is -2 + 120?
112
In base 11, what is -137 + 1?
-136
In base 4, what is 13 + -203?
-130
In base 4, what is -322 - 10?
-332
In base 6, what is -244034 - 4?
-244042
In base 6, what is -444 + -305?
-1153
In base 5, what is -2 - 1024?
-1031
In base 13, what is 0 - -59?
59
In base 7, what is 12 - 101?
-56
In base 8, what is -2 + 742?
740
In base 16, what is 6 + -4f?
-49
In base 11, what is -698 - 3?
-6a0
In base 15, what is -687 + -4?
-68b
In base 12, what is -4 - 16?
-1a
In base 6, what is 5 - -115?
124
In base 3, what is -1 + 112?
111
In base 16, what is -f - 4?
-13
In base 10, what is -8 - 127?
-135
In base 4, what is 12 + 3223?
3301
In base 8, what is 1435 + 1?
1436
In base 8, what is -5 - 104?
-111
In base 2, what is -110001011111 + -1?
-110001100000
In base 11, what is 4 + -100?
-a7
In base 6, what is -5 + -521?
-530
In base 6, what is -34 + 3?
-31
In base 7, what is -4 + -33?
-40
In base 6, what is -2 - -1011?
1005
In base 11, what is a - 5a6?
-597
In base 14, what is -4 - 4d?
-53
In base 7, what is -114 + 1?
-113
In base 16, what is -6c + -15?
-81
In base 11, what is -12 - 8?
-1a
In base 13, what is 5 + -58?
-53
In base 16, what is 54 + 3?
57
In base 6, what is 0 + -5224?
-5224
In base 15, what is -4 - 13?
-17
In base 12, what is -419 + 3?
-416
In base 4, what is -3 + -312?
-321
In base 3, what is -12 + -11000?
-11012
In base 14, what is -102d + 2?
-102b
In base 16, what is -a + -29?
-33
In base 7, what is 31 + -350?
-316
In base 9, what is -5 + -216?
-222
In base 11, what is -2169 - -1?
-2168
In base 4, what is -11212 + 10?
-11202
In base 9, what is 7 + 33?
41
In base 14, what is 21 + -68?
-47
In base 14, what is 3c1 - -8?
3c9
